y 193286.
2
What is the remainder when 3300467 is divided by 14934?
53
What is the remainder when 7028813 is divided by 3514383?
47
What is the remainder when 33945 is divided by 1699?
1664
What is the remainder when 3332214 is divided by 10159?
62
What is the remainder when 1525225 is divided by 24?
1
Calculate the remainder when 380149 is divided by 2127.
1543
What is the remainder when 53933806 is divided by 17?
14
Calculate the remainder when 6277 is divided by 3117.
43
What is the remainder when 2236703 is divided by 552?
551
Calculate the remainder when 29573233 is divided by 160724.
17
What is the remainder when 42135 is divided by 20914?
307
What is the remainder when 1293546 is divided by 107785?
126
Calculate the remainder when 269346 is divided by 67334.
10
What is the remainder when 63752 is divided by 768?
8
Calculate the remainder when 7422049 is divided by 618483.
253
Calculate the remainder when 426343678 is divided by 1344.
1342
What is the remainder when 26539675 is divided by 11?
8
What is the remainder when 7323644 is divided by 192726?
56
Calculate the remainder when 643319 is divided by 10903.
42
Calculate the remainder when 668683 is divided by 1852.
111
Calculate the remainder when 38623139 is divided by 18.
17
What is the remainder when 110678 is divided by 95?
3
Calculate the remainder when 783176 is divided by 391545.
86
Calculate the remainder when 2345006 is divided by 1102.
1052
Calculate the remainder when 107490202 is divided by 35830057.
31
Calculate the remainder when 288535 is divided by 41.
18
What is the remainder when 27877222 is divided by 90?
82
Calculate the remainder when 483513 is divided by 38.
1
Calculate the remainder when 41407 is divided by 35941.
5466
What is the remainder when 2770482 is divided by 9?
3
Calculate the remainder when 1227773 is divided by 10658.
2103
Calculate the remainder when 345090 is divided by 5742.
570
Calculate the remainder when 846040 is divided by 233.
17
What is the remainder when 733631446 is divided by 88?
86
What is the remainder when 7272755 is divided by 2105?
2085
Calculate the remainder when 451910 is divided by 318.
32
Calculate the remainder when 2883943 is divided by 606.
595
Calculate the remainder when 2355489 is divided by 30.
9
What is the remainder when 1306366 is divided by 2192?
2126
Calculate the remainder when 881172 is divided by 293714.
30
Calculate the remainder when 239691 is divided by 156.
75
What is the remainder when 632557 is divided by 1037?
1024
Calculate the remainder when 5362016 is divided by 11890.
11516
What is the remainder when 24116644 is divided by 365?
364
What is the remainder when 78314 is divided by 4604?
46
Calculate the remainder when 64198 is divided by 251.
193
Calculate the remainder when 365375 is divided by 9874.
37
Calculate the remainder when 3600023 is divided by 150.
23
What is the remainder when 270878 is divided by 56?
6
What is the remainder when 1754135 is divided by 6852?
23
Calculate the remainder when 2094603 is divided by 39.
30
What is the remainder when 4551713 is divided by 277?
49
What is the remainder when 12640208 is divided by 5940?
5828
What is the remainder when 219829 is divided by 101?
53
What is the remainder when 8357738 is divided by 363376?
90
What is the remainder when 3176038 is divided by 143?
8
Calculate the remainder when 2308123 is divided by 387.
55
What is the remainder when 382124697 is divided by 18?
15
What is the remainder when 7860153 is divided by 974?
947
Calculate the remainder when 12979574 is divided by 615.
614
What is the remainder when 1154629 is divided by 86?
79
Calculate the remainder when 84108 is divided by 41780.
548
What is the remainder when 994487948 is divided by 232?
228
Calculate the remainder when 219633 is divided by 1487.
1044
What is the remainder when 257543 is divided by 6597?
260
Calculate the remainder when 38187594 is divided by 7047.
6948
What is the remainder when 438362 is divided by 29150?
1112
What is the remainder when 208306 is divided by 104134?
38
What is the remainder when 17688220 is divided by 5896070?
10
What is the remainder when 9057644 is divided by 2416?
60
What is the remainder when 2755330 is divided by 28701?
34
What is the remainder when 220680252 is divided by 232?
228
Calculate the remainder when 220699 is divided by 198.
127
What is the remainder when 307408 is divided by 51213?
130
Calculate the remainder when 7250244 is divided by 312.
300
Calculate the remainder when 17646486 is divided by 1960720.
6
What is the remainder when 49080433 is divided by 29?
21
Calculate the remainder when 1263072 is divided by 2511.
39
Calculate the remainder when 12615577 is divided by 314.
313
What is the remainder when 717859 is divided by 237?
223
What is the remainder when 3632658 is divided by 1621?
1618
Calculate the remainder when 10998546 is divided by 13545.
6
Calculate the remainder when 55582 is divided by 63.
16
What is the remainder when 3498093 is divided by 1014?
807
What is the remainder when 16525 is divided by 8050?
425
Calculate the remainder when 967242 is divided by 32241.
12
Calculate the remainder when 18065193 is divided by 3010860.
33
What is the remainder when 939591 is divided by 415?
31
Calculate the remainder when 54803 is divided by 227.
96
Calculate the remainder when 17367761 is divided by 2168.
2081
Calculate the remainder when 103194063 is divided by 80.
63
Calculate the remainder when 44281 is divided by 4970.
4521
What is the remainder when 21568983 is divided by 10784491?
1
Calculate the remainder when 1139878 is divided by 38.
30
Calculate the remainder when 6559069 is divided by 333.
301
Calculate the remainder when 4767962 is divided by 794534.
758
Calculate the remainder when 3679 is divided by 1931.
1748
Calculate the remainder when 4557730 is divided by 1755.
1750
Calculate the remainder when 142434 is divided by 92.
18
What is the remainder when 13834 is divided by 12556?
1278
What is the remainder when 32820 is divided by 5741?
4115
Calculate the remainder when 8380165 is divided by 1396684.
61
What is the remainder when 20395257 is divided by 1199720?
17
Calculate the remainder when 521864 is divided by 26093.
4
What is the remainder when 64450168 is divided by 16?
8
Calculate the remainder when 10063870 is divided by 718845.
40
Calculate the remainder when 2111632 is divided by 211163.
2
What is the remainder when 1662036 is divided by 332399?
41
What is the remainder when 25284972 is divided by 1213?
1200
Calculate the remainder when 2553345 is divided by 319163.
41
What is the remainder when 42057 is divided by 679?
638
Calculate the remainder when 11659031 is divided by 9130.
21
What is the remainder when 268228 is divided by 5258?
70
Calculate the remainder when 11150793 is divided by 57.
54
What is the remainder when 651177362 is divided by 181?
178
Calculate the remainder when 411192 is divided by 415.
342
What is the remainder when 2526603 is divided by 195?
183
What is the remainder when 49664 is divided by 12320?
384
Calculate the remainder when 2145978 is divided by 1072977.
24
What is the remainder when 21506198 is divided by 10753051?
96
What is the remainder when 558204 is divided by 84?
24
Calculate the remainder when 12236991 is divided by 1223699.
1
Calculate the remainder when 23553441 is divided by 34.
9
What is the remainder when 1869057 is divided by 668?
661
Calculate the remainder when 29476711 is divided by 8.
7
Calculate the remainder when 1086762 is divided by 542012.
2738
What is the remainder when 6092546 is divided by 3046121?
304
Calculate the remainder when 373241 is divided by 34.
23
Calculate the remainder when 1181956 is divided by 456.
4
What is the remainder when 8631277 is divided by 209?
204
What is the remainder when 184358046 is divided by 3794?
3792
Calculate the remainder when 10242680 is divided by 3414225.
5
What is the remainder when 264662 is divided by 66081?
338
What is the remainder when 214538 is divided by 22?
16
What is the remainder when 3333805 is divided by 833448?
13
Calculate the remainder when 17451 is divided by 682.
401
What is the remainder when 5467329 is divided by 109?
107
Calculate the remainder when 1054529 is divided by 4469.
43